{"id":1692,"date":"2024-01-22T14:39:57","date_gmt":"2024-01-22T13:39:57","guid":{"rendered":"https:\/\/www.sktlib.cz\/?page_id=1692"},"modified":"2025-12-03T18:13:59","modified_gmt":"2025-12-03T17:13:59","slug":"mgr-dita-hotiova","status":"publish","type":"page","link":"https:\/\/www.sktlib.cz\/?page_id=1692","title":{"rendered":"Mgr. Dita Hotiov\u00e1- odch\u00e1z\u00ed"},"content":{"rendered":"\n<div class=\"wp-block-columns is-layout-flex wp-container-core-columns-is-layout-7387b849 wp-block-columns-is-layout-flex\">\n<div class=\"wp-block-column is-layout-flow wp-block-column-is-layout-flow\" style=\"flex-basis:50%\">\n<figure class=\"wp-block-image\"><img loading=\"lazy\" decoding=\"async\" width=\"300\" height=\"233\" src=\"https:\/\/www.sktlib.cz\/wp-content\/uploads\/2024\/01\/foto-dita-hotiova-300x233.jpg\" alt=\"\" class=\"wp-image-1693\" srcset=\"https:\/\/www.sktlib.cz\/wp-content\/uploads\/2024\/01\/foto-dita-hotiova-300x233.jpg 300w, https:\/\/www.sktlib.cz\/wp-content\/uploads\/2024\/01\/foto-dita-hotiova-1024x795.jpg 1024w, https:\/\/www.sktlib.cz\/wp-content\/uploads\/2024\/01\/foto-dita-hotiova-150x116.jpg 150w, https:\/\/www.sktlib.cz\/wp-content\/uploads\/2024\/01\/foto-dita-hotiova-768x596.jpg 768w, https:\/\/www.sktlib.cz\/wp-content\/uploads\/2024\/01\/foto-dita-hotiova.jpg 1125w\" sizes=\"auto, (max-width: 300px) 100vw, 300px\" \/><\/figure>\n<\/div>\n\n\n\n<div class=\"wp-block-column is-layout-flow wp-block-column-is-layout-flow\" style=\"flex-basis:50%\">\n<p class=\"wp-block-paragraph\">Vystudovala jsem jednooborovou psychologii na Pra\u017esk\u00e9 vysok\u00e9 \u0161kole psychosoci\u00e1ln\u00edch studi\u00ed, studium jsem zakon\u010dila v\u00a0roce 2020. B\u011bhem studia jsem absolvovala p\u011btiletou sebezku\u0161enostn\u00ed \u010d\u00e1st Daseinsanalytick\u00e9ho psychoterapeutick\u00e9ho v\u00fdcviku, nyn\u00ed v\u00fdcvik dokon\u010duji. Po ukon\u010den\u00ed studia jsem za\u010dala pracovat jako psycholog ve zdravotnictv\u00ed v\u00a0pra\u017esk\u00e9 ambulanci Psychoterapie And\u011bl, ve kter\u00e9 jsem se zam\u011b\u0159ovala p\u0159edev\u0161\u00edm na pr\u00e1ci s adolescenty a mlad\u00fdmi dosp\u011bl\u00fdmi. D\u00e1le jsem pracovala v\u00a0Psychiatrick\u00e9 nemocnici Bohnice na akutn\u00edm odd\u011blen\u00ed, a v\u00a0pra\u017esk\u00e9m psychoterapeutick\u00e9m centru N\u00e1kel, kter\u00e9 je zam\u011b\u0159eno na krizovou ambulantn\u00ed p\u00e9\u010di pro d\u011bti a mladistv\u00e9. Nyn\u00ed pokra\u010duji v\u00a0soukrom\u00e9 terapeutick\u00e9 praxi v Praze a Liberci pod odbornou superviz\u00ed jako psychoterapeutka.<\/p>\n<\/div>\n<\/div>\n","protected":false},"excerpt":{"rendered":"<p>Vystudovala jsem jednooborovou psychologii na Pra\u017esk\u00e9 vysok\u00e9 \u0161kole psychosoci\u00e1ln\u00edch studi\u00ed, studium jsem zakon\u010dila v\u00a0roce 2020. B\u011bhem studia jsem absolvovala p\u011btiletou sebezku\u0161enostn\u00ed \u010d\u00e1st Daseinsanalytick\u00e9ho psychoterapeutick\u00e9ho v\u00fdcviku, nyn\u00ed v\u00fdcvik dokon\u010duji. Po ukon\u010den\u00ed studia jsem za\u010dala pracovat jako psycholog ve zdravotnictv\u00ed v\u00a0pra\u017esk\u00e9 ambulanci<\/p>\n","protected":false},"author":1,"featured_media":0,"parent":0,"menu_order":0,"comment_status":"closed","ping_status":"closed","template":"","meta":{"_crdt_document":"","footnotes":""},"class_list":["post-1692","page","type-page","status-publish","hentry"],"jetpack_sharing_enabled":true,"_links":{"self":[{"href":"https:\/\/www.sktlib.cz\/index.php?rest_route=\/wp\/v2\/pages\/1692","targetHints":{"allow":["GET"]}}],"collection":[{"href":"https:\/\/www.sktlib.cz\/index.php?rest_route=\/wp\/v2\/pages"}],"about":[{"href":"https:\/\/www.sktlib.cz\/index.php?rest_route=\/wp\/v2\/types\/page"}],"author":[{"embeddable":true,"href":"https:\/\/www.sktlib.cz\/index.php?rest_route=\/wp\/v2\/users\/1"}],"replies":[{"embeddable":true,"href":"https:\/\/www.sktlib.cz\/index.php?rest_route=%2Fwp%2Fv2%2Fcomments&post=1692"}],"version-history":[{"count":2,"href":"https:\/\/www.sktlib.cz\/index.php?rest_route=\/wp\/v2\/pages\/1692\/revisions"}],"predecessor-version":[{"id":2006,"href":"https:\/\/www.sktlib.cz\/index.php?rest_route=\/wp\/v2\/pages\/1692\/revisions\/2006"}],"wp:attachment":[{"href":"https:\/\/www.sktlib.cz\/index.php?rest_route=%2Fwp%2Fv2%2Fmedia&parent=1692"}],"curies":[{"name":"wp","href":"https:\/\/api.w.org\/{rel}","templated":true}]}}