{"id":196,"date":"2013-08-22T10:12:57","date_gmt":"2013-08-22T08:12:57","guid":{"rendered":"http:\/\/www.sktlib.cz\/?page_id=196"},"modified":"2026-04-02T12:23:51","modified_gmt":"2026-04-02T10:23:51","slug":"mgr-marie-zemanova","status":"publish","type":"page","link":"https:\/\/www.sktlib.cz\/?page_id=196","title":{"rendered":"Mgr. Veronika Kr\u00e1lov\u00e1"},"content":{"rendered":"<h2 style=\"font-weight: 400;\">psycholo\u017eka, psychoterapeutka<\/h2>\n<p>Vystudovala jsem jednooborovou psychologii na Masarykov\u011b univerzit\u011b v Brn\u011b (2015). V roce 2022 jsem dokon\u010dila i sv\u00e9 psychoterapeutick\u00e9 vzd\u011bl\u00e1n\u00ed (V\u00fdcvik integrace v psychoterapii), pracuji pod superviz\u00ed. Aktu\u00e1ln\u011b se nejv\u00edce zam\u011b\u0159uji na pr\u00e1ci s adolescenty i dosp\u011bl\u00fdmi v oblasti psychosomatiky, \u00fazkost\u00ed, vztahov\u00fdch obt\u00ed\u017e\u00ed, \u017eivotn\u00edch kriz\u00ed. Jsem tak\u00e9 instruktorkou z\u00e1\u017eitkov\u00e9 pedagogiky a lektoruji kurzy se zam\u011b\u0159en\u00edm na wellbeing a psychickou odolnost.\u00a0<\/p>\n<p>Dal\u0161\u00ed praxe:\u00a0<\/p>\n<p>Jako terapeut jsem se v r\u00e1mci Interven\u010dn\u00edho centra SPONDEA Brno setk\u00e1vala zejm\u00e9na s klienty (d\u011btmi i dosp\u011bl\u00fdmi), kte\u0159\u00ed za\u017e\u00edvaj\u00ed dom\u00e1c\u00ed n\u00e1sil\u00ed. Pr\u00e1v\u011b n\u00e1sil\u00ed ve vztaz\u00edch \u010dasto stoj\u00ed u ko\u0159en\u016f r\u016fzn\u00fdch psychick\u00fdch obt\u00ed\u017e\u00ed, proto mi pr\u00e1ce s touto problematikou d\u00e1v\u00e1 velk\u00fd smysl.\u00a0V minulosti jsem se mimo jin\u00e9 pod\u00edlela na vzniku mal\u00e9 alternativn\u00ed \u0161koly, kde jsem tak\u00e9 pracovala jako \u0161koln\u00ed psycholog (Scio\u0160kola Brno), v r\u00e1mci \u0161kolstv\u00ed jsem p\u016fsobila tak\u00e9 v Pedagogicko-psychologick\u00e9 poradn\u011b v Jablonci a jako pr\u016fvodkyn\u011b s p\u0159ed\u0161koln\u00edmi d\u011btmi v Lesn\u00edm klubu Ra\u0161ovka. V SKT p\u016fsob\u00edm jako terapeutka od podzimu 2020 (s p\u0159est\u00e1vkou na rodi\u010dovskou dovolenou) pot\u00e9, co jsem se p\u0159ist\u011bhovala na Liberecko.<\/p>\n<p>&nbsp;<\/p>\n\n\n<p class=\"wp-block-paragraph\"><\/p>\n","protected":false},"excerpt":{"rendered":"<p>psycholo\u017eka, psychoterapeutka Vystudovala jsem jednooborovou psychologii na Masarykov\u011b univerzit\u011b v Brn\u011b (2015). V roce 2022 jsem dokon\u010dila i sv\u00e9 psychoterapeutick\u00e9 vzd\u011bl\u00e1n\u00ed (V\u00fdcvik integrace v psychoterapii), pracuji pod superviz\u00ed. Aktu\u00e1ln\u011b se nejv\u00edce zam\u011b\u0159uji na pr\u00e1ci s adolescenty i dosp\u011bl\u00fdmi v oblasti<\/p>\n","protected":false},"author":1,"featured_media":1240,"parent":4,"menu_order":9,"comment_status":"closed","ping_status":"closed","template":"","meta":{"_crdt_document":"","footnotes":""},"class_list":["post-196","page","type-page","status-publish","has-post-thumbnail","hentry"],"jetpack_sharing_enabled":true,"_links":{"self":[{"href":"https:\/\/www.sktlib.cz\/index.php?rest_route=\/wp\/v2\/pages\/196","targetHints":{"allow":["GET"]}}],"collection":[{"href":"https:\/\/www.sktlib.cz\/index.php?rest_route=\/wp\/v2\/pages"}],"about":[{"href":"https:\/\/www.sktlib.cz\/index.php?rest_route=\/wp\/v2\/types\/page"}],"author":[{"embeddable":true,"href":"https:\/\/www.sktlib.cz\/index.php?rest_route=\/wp\/v2\/users\/1"}],"replies":[{"embeddable":true,"href":"https:\/\/www.sktlib.cz\/index.php?rest_route=%2Fwp%2Fv2%2Fcomments&post=196"}],"version-history":[{"count":5,"href":"https:\/\/www.sktlib.cz\/index.php?rest_route=\/wp\/v2\/pages\/196\/revisions"}],"predecessor-version":[{"id":2086,"href":"https:\/\/www.sktlib.cz\/index.php?rest_route=\/wp\/v2\/pages\/196\/revisions\/2086"}],"up":[{"embeddable":true,"href":"https:\/\/www.sktlib.cz\/index.php?rest_route=\/wp\/v2\/pages\/4"}],"wp:featuredmedia":[{"embeddable":true,"href":"https:\/\/www.sktlib.cz\/index.php?rest_route=\/wp\/v2\/media\/1240"}],"wp:attachment":[{"href":"https:\/\/www.sktlib.cz\/index.php?rest_route=%2Fwp%2Fv2%2Fmedia&parent=196"}],"curies":[{"name":"wp","href":"https:\/\/api.w.org\/{rel}","templated":true}]}}

Mgr. Veronika Králová

<h2 style="font-weight: 400;">psycholožka, psychoterapeutka</h2>
<p>Vystudovala jsem jednooborovou psychologii na Masarykově univerzitě v Brně (2015). V roce 2022 jsem dokončila i své psychoterapeutické vzdělání (Výcvik integrace v psychoterapii), pracuji pod supervizí. Aktuálně se nejvíce zaměřuji na práci s adolescenty i dospělými v oblasti psychosomatiky, úzkostí, vztahových obtíží, životních krizí. Jsem také instruktorkou zážitkové pedagogiky a lektoruji kurzy se zaměřením na wellbeing a psychickou odolnost. </p>
<p>Další praxe: </p>
<p>Jako terapeut jsem se v rámci Intervenčního centra SPONDEA Brno setkávala zejména s klienty (dětmi i dospělými), kteří zažívají domácí násilí. Právě násilí ve vztazích často stojí u kořenů různých psychických obtíží, proto mi práce s touto problematikou dává velký smysl. V minulosti jsem se mimo jiné podílela na vzniku malé alternativní školy, kde jsem také pracovala jako školní psycholog (ScioŠkola Brno), v rámci školství jsem působila také v Pedagogicko-psychologické poradně v Jablonci a jako průvodkyně s předškolními dětmi v Lesním klubu Rašovka. V SKT působím jako terapeutka od podzimu 2020 (s přestávkou na rodičovskou dovolenou) poté, co jsem se přistěhovala na Liberecko.</p>
<p>&nbsp;</p>


<p class="wp-block-paragraph"></p>

<p>psycholožka, psychoterapeutka Vystudovala jsem jednooborovou psychologii na Masarykově univerzitě v Brně (2015). V roce 2022 jsem dokončila i své psychoterapeutické vzdělání (Výcvik integrace v psychoterapii), pracuji pod supervizí. Aktuálně se nejvíce zaměřuji na práci s adolescenty i dospělými v oblasti</p>
