{"id":2038,"date":"2026-03-23T19:21:44","date_gmt":"2026-03-23T18:21:44","guid":{"rendered":"https:\/\/www.sktlib.cz\/?page_id=2038"},"modified":"2026-03-31T15:51:09","modified_gmt":"2026-03-31T13:51:09","slug":"mudr-jaroslav-svorc","status":"publish","type":"page","link":"https:\/\/www.sktlib.cz\/?page_id=2038","title":{"rendered":"Mgr. Lucie Orlov\u00e1"},"content":{"rendered":"\n<p class=\"wp-block-paragraph\"><\/p>\n\n\n\n<div class=\"wp-block-media-text is-stacked-on-mobile\"><figure class=\"wp-block-media-text__media\"><img loading=\"lazy\" decoding=\"async\" width=\"1024\" height=\"1024\" src=\"https:\/\/www.sktlib.cz\/wp-content\/uploads\/2026\/03\/Lucie-Orlova-square-1024x1024.jpg\" alt=\"\" class=\"wp-image-2053 size-full\" srcset=\"https:\/\/www.sktlib.cz\/wp-content\/uploads\/2026\/03\/Lucie-Orlova-square-1024x1024.jpg 1024w, https:\/\/www.sktlib.cz\/wp-content\/uploads\/2026\/03\/Lucie-Orlova-square-300x300.jpg 300w, https:\/\/www.sktlib.cz\/wp-content\/uploads\/2026\/03\/Lucie-Orlova-square-150x150.jpg 150w, https:\/\/www.sktlib.cz\/wp-content\/uploads\/2026\/03\/Lucie-Orlova-square-768x768.jpg 768w, https:\/\/www.sktlib.cz\/wp-content\/uploads\/2026\/03\/Lucie-Orlova-square-1536x1536.jpg 1536w, https:\/\/www.sktlib.cz\/wp-content\/uploads\/2026\/03\/Lucie-Orlova-square-2048x2048.jpg 2048w, https:\/\/www.sktlib.cz\/wp-content\/uploads\/2026\/03\/Lucie-Orlova-square-270x270.jpg 270w, https:\/\/www.sktlib.cz\/wp-content\/uploads\/2026\/03\/Lucie-Orlova-square-230x230.jpg 230w\" sizes=\"auto, (max-width: 1024px) 100vw, 1024px\" \/><\/figure><div class=\"wp-block-media-text__content\">\n<p class=\"wp-block-paragraph\">Psycholo\u017eka<\/p>\n<\/div><\/div>\n\n\n\n<ul class=\"wp-block-list\">\n<li>Vzd\u011bl\u00e1n\u00ed:<\/li>\n\n\n\n<li>2013-2016 &#8211; Univerzita Palack\u00e9ho v Olomouci, Filozofick\u00e1 fakulta \u2013 Jednooborov\u00e1 psychologie \u2013 Bc.<\/li>\n\n\n\n<li>2016-2018 &#8211; Univerzita Palack\u00e9ho v Olomouci, Filozofick\u00e1 fakulta \u2013 Jednooborov\u00e1 psychologie \u2013 Mgr.<\/li>\n\n\n\n<li><\/li>\n\n\n\n<li>Dal\u0161\u00ed vzd\u011bl\u00e1n\u00ed:<\/li>\n\n\n\n<li>2019 &#8211; Kurz komplexn\u00ed krizov\u00e9 intervence \u2013 150 hodin, D\u00e9\u010dko Liberec z. s.<\/li>\n\n\n\n<li>od 2022 &#8211; Komplexn\u00ed vzd\u011bl\u00e1vac\u00ed program v rodinn\u00e9 terapii psychosomatick\u00fdch poruch MUDr. V. Chv\u00e1la, PhDr. L. Trapkov\u00e1<\/li>\n\n\n\n<li>2024 &#8211; Kurz Kids\u2019 Skills \u2013 48 hodin, Dalet z. s.<\/li>\n\n\n\n<li>2024-2025 &#8211; Kou\u010dovac\u00ed v\u00fdcvik INTECO &#8211; Integrativn\u00ed kou\u010d &#8211; 203 hodin, \u0160kola mana\u017eersk\u00e9ho rozvoje, s. r. o.<\/li>\n\n\n\n<li><\/li>\n\n\n\n<li>Praxe:<\/li>\n\n\n\n<li>2018-2023 Pedagogicko-psychologick\u00e1 poradna Liberec, Psycholog<\/li>\n\n\n\n<li>2023-dosud Z\u0160 Pas\u00ed\u0159sk\u00e1 Jablonec nad Nisou, Psycholog<\/li>\n\n\n\n<li>2025-dosud soukrom\u00e1 praxe &#8211; Psychologick\u00e9 poradenstv\u00ed, kou\u010dink<\/li>\n<\/ul>\n\n\n\n<p class=\"wp-block-paragraph\"><\/p>\n","protected":false},"excerpt":{"rendered":"<p>Psycholo\u017eka<\/p>\n","protected":false},"author":1,"featured_media":0,"parent":0,"menu_order":0,"comment_status":"closed","ping_status":"closed","template":"","meta":{"_crdt_document":"","footnotes":""},"class_list":["post-2038","page","type-page","status-publish","hentry"],"jetpack_sharing_enabled":true,"_links":{"self":[{"href":"https:\/\/www.sktlib.cz\/index.php?rest_route=\/wp\/v2\/pages\/2038","targetHints":{"allow":["GET"]}}],"collection":[{"href":"https:\/\/www.sktlib.cz\/index.php?rest_route=\/wp\/v2\/pages"}],"about":[{"href":"https:\/\/www.sktlib.cz\/index.php?rest_route=\/wp\/v2\/types\/page"}],"author":[{"embeddable":true,"href":"https:\/\/www.sktlib.cz\/index.php?rest_route=\/wp\/v2\/users\/1"}],"replies":[{"embeddable":true,"href":"https:\/\/www.sktlib.cz\/index.php?rest_route=%2Fwp%2Fv2%2Fcomments&post=2038"}],"version-history":[{"count":2,"href":"https:\/\/www.sktlib.cz\/index.php?rest_route=\/wp\/v2\/pages\/2038\/revisions"}],"predecessor-version":[{"id":2063,"href":"https:\/\/www.sktlib.cz\/index.php?rest_route=\/wp\/v2\/pages\/2038\/revisions\/2063"}],"wp:attachment":[{"href":"https:\/\/www.sktlib.cz\/index.php?rest_route=%2Fwp%2Fv2%2Fmedia&parent=2038"}],"curies":[{"name":"wp","href":"https:\/\/api.w.org\/{rel}","templated":true}]}}