{"id":4,"date":"2013-08-21T13:08:23","date_gmt":"2013-08-21T11:08:23","guid":{"rendered":"http:\/\/www.sktlib.cz\/?page_id=4"},"modified":"2026-02-16T17:31:49","modified_gmt":"2026-02-16T16:31:49","slug":"kdo-jsme","status":"publish","type":"page","link":"https:\/\/www.sktlib.cz\/","title":{"rendered":"Kdo jsme?"},"content":{"rendered":"\n<p class=\"wp-block-paragraph\"><\/p>\n\n\n\n<p class=\"wp-block-paragraph\">Nest\u00e1tn\u00ed zdravotnick\u00e9 pracovi\u0161t\u011b, kter\u00e9 se v\u011bnuje ambulantn\u00ed l\u00e9\u010db\u011b psychosomatick\u00fdch poruch, akreditovan\u00e9 pro v\u00fduku psychosomatick\u00e9 medic\u00edny. Pracovn\u00ed doba pond\u011bl\u00ed- p\u00e1tek od 8- 16 hodin. Smluvn\u00ed partner v\u0161ech na\u0161ich zdravotn\u00edch poji\u0161\u0165oven. Pacienty objedn\u00e1v\u00e1me po osobn\u00edm kontaktu na domluven\u00fd \u010das. V\u00edce informac\u00ed najdete n\u00ed\u017ee.&nbsp; <strong>Pracovi\u0161t\u011b nen\u00ed k dispozici jako krizov\u00e9 centrum.<\/strong>&nbsp;V p\u0159\u00edpad\u011b nal\u00e9hav\u00e9 pot\u0159eby pomoci volejte Linku d\u016fv\u011bry 485 177 177, nebo bezplatn\u00e9 Linky d\u016fv\u011bry (pro seniory 800 200 007, nebo pro d\u011bti a ml\u00e1de\u017e 800 155 555).<\/p>\n\n\n\n<h2 class=\"wp-block-heading has-black-color has-text-color has-background has-link-color wp-elements-ac1cc9e7f0c75b20466bce1285c2825c\" id=\"sidlo\" style=\"border-radius:16px;background:linear-gradient(127deg,rgb(249,224,154) 31%,rgb(240,156,2) 100%);line-height:0.5\">S\u00eddlo<\/h2>\n\n\n\n<div class=\"wp-block-group alignwide is-content-justification-left is-layout-constrained wp-container-core-group-is-layout-54d22900 wp-block-group-is-layout-constrained\">\n<div class=\"wp-block-media-text alignwide has-media-on-the-right is-stacked-on-mobile\" style=\"grid-template-columns:auto 24%\"><div class=\"wp-block-media-text__content\">\n<p class=\"has-medium-font-size wp-block-paragraph\" style=\"margin-top:0;margin-right:0;margin-bottom:0;margin-left:0;padding-top:0;padding-bottom:0\">Kde n\u00e1s najdete? J\u00e1chymovsk\u00e1 385\/25 Liberec 10 Franti\u0161kov. <a href=\"https:\/\/maps.google.cz\/maps?q=Liberec+J%C3%A1chymovsk%C3%A1+385&amp;hl=en&amp;ie=UTF8&amp;sll=50.747514,14.988282&amp;sspn=1.009703,2.705383&amp;brcurrent=5,0,0&amp;hnear=J%C3%A1chymovsk%C3%A1+385%2F25,+460+10+Liberec&amp;t=m&amp;z=16\" target=\"_blank\" rel=\"noreferrer noopener\">mapa<\/a> <\/p>\n\n\n\n<p class=\"has-medium-font-size wp-block-paragraph\">Pracovi\u0161t\u011b je s\u00eddlem psychoterapeutick\u00fdch institut\u016f (LIRTAPS, LIPPP)<\/p>\n<\/div><figure class=\"wp-block-media-text__media\"><img loading=\"lazy\" decoding=\"async\" width=\"450\" height=\"450\" src=\"https:\/\/www.sktlib.cz\/wp-content\/uploads\/2021\/01\/mapa.jpg\" alt=\"\" class=\"wp-image-1307 size-full\" srcset=\"https:\/\/www.sktlib.cz\/wp-content\/uploads\/2021\/01\/mapa.jpg 450w, https:\/\/www.sktlib.cz\/wp-content\/uploads\/2021\/01\/mapa-300x300.jpg 300w, https:\/\/www.sktlib.cz\/wp-content\/uploads\/2021\/01\/mapa-150x150.jpg 150w\" sizes=\"auto, (max-width: 450px) 100vw, 450px\" \/><\/figure><\/div>\n<\/div>\n\n\n\n<h2 class=\"wp-block-heading has-black-color has-text-color has-background has-link-color wp-elements-e6c3124eee833467b74589c42d49b22f\" id=\"kontakty\" style=\"border-radius:16px;background:linear-gradient(135deg,rgb(251,230,169) 0%,rgb(255,165,0) 100%);line-height:0.5\">Kontakty<\/h2>\n\n\n\n<p class=\"has-text-align-center wp-block-paragraph\"><strong>    <\/strong><\/p>\n\n\n\n<div class=\"wp-block-media-text alignwide has-media-on-the-right is-stacked-on-mobile\" style=\"grid-template-columns:auto 24%\"><div class=\"wp-block-media-text__content\">\n<ul class=\"wp-block-list\">\n<li><strong>Telefon: 485 151 398, 485 152 793 \u2013VOLEJTE,&nbsp;ZANECHTE VZKAZ<\/strong> <\/li>\n\n\n\n<li><strong>SMS: 731 722 000 \u2013&nbsp;VOLEJTE,NAPI\u0160TE SMS<\/strong><\/li>\n\n\n\n<li><strong>E-mail:&nbsp;<\/strong>&nbsp;<a href=\"mailto:finkousova@sktlib.cz\">finkousova@sktlib.cz<\/a>-odhl\u00e1\u0161ky ze dne na den pros\u00edm ne<\/li>\n<\/ul>\n\n\n\n<h2 class=\"wp-block-heading\"><\/h2>\n\n\n\n<p class=\"wp-block-paragraph\"><\/p>\n<\/div><figure class=\"wp-block-media-text__media\"><img loading=\"lazy\" decoding=\"async\" width=\"1024\" height=\"1024\" src=\"https:\/\/www.sktlib.cz\/wp-content\/uploads\/2020\/12\/j0409563-1024x1024.jpg\" alt=\"\" class=\"wp-image-1212 size-full\" srcset=\"https:\/\/www.sktlib.cz\/wp-content\/uploads\/2020\/12\/j0409563.jpg 1024w, https:\/\/www.sktlib.cz\/wp-content\/uploads\/2020\/12\/j0409563-300x300.jpg 300w, https:\/\/www.sktlib.cz\/wp-content\/uploads\/2020\/12\/j0409563-150x150.jpg 150w, https:\/\/www.sktlib.cz\/wp-content\/uploads\/2020\/12\/j0409563-768x768.jpg 768w\" sizes=\"auto, (max-width: 1024px) 100vw, 1024px\" \/><\/figure><\/div>\n\n\n\n<h3 class=\"wp-block-heading has-black-color has-text-color has-background has-link-color wp-elements-4218991cb4311439abdd35859fc08730\" id=\"kdo-u-nas-aktualne-pracuje\" style=\"border-radius:16px;background:linear-gradient(135deg,rgb(247,221,151) 0%,rgb(255,165,0) 100%);line-height:0.5\"><a href=\"https:\/\/www.sktlib.cz\/?page_id=1501\">Kdo u n\u00e1s aktu\u00e1ln\u011b pracuje?<\/a><\/h3>\n\n\n\n<div class=\"wp-block-media-text alignwide has-media-on-the-right is-stacked-on-mobile\" style=\"grid-template-columns:auto 24%\"><div class=\"wp-block-media-text__content\">\n<p class=\"wp-block-paragraph\">Na na\u0161em pracovi\u0161ti jsou k dispozici l\u00e9ka\u0159i, klini\u010dt\u00ed psychologov\u00e9 a fyzioterapeuti zam\u011b\u0159en\u00ed p\u0159edev\u0161\u00edm na l\u00e9\u010dbu psychosomatick\u00fdch poruch.  <\/p>\n<\/div><figure class=\"wp-block-media-text__media\"><img loading=\"lazy\" decoding=\"async\" width=\"1024\" height=\"683\" src=\"https:\/\/www.sktlib.cz\/wp-content\/uploads\/2018\/10\/podzim_SKT-1024x683.png\" alt=\"\" class=\"wp-image-926 size-full\"\/><\/figure><\/div>\n\n\n\n<h3 class=\"wp-block-heading has-black-color has-text-color has-background has-link-color wp-elements-b530e443b252965976176b35a2d5a2c3\" id=\"aktualni-stav-pro-nove-klienty\" style=\"border-radius:16px;background:linear-gradient(135deg,rgba(252,181,0,0.19) 0%,rgb(251,187,48) 100%);line-height:0.5\">Aktu\u00e1ln\u00ed stav pro nov\u00e9 klienty:<\/h3>\n\n\n\n<div class=\"wp-block-media-text alignwide has-media-on-the-right is-stacked-on-mobile\" style=\"grid-template-columns:auto 24%\"><div class=\"wp-block-media-text__content\">\n<ol class=\"wp-block-list\">\n<li>psychosomatick\u00e1 p\u00e9\u010de &#8211; dostupn\u00e1 podle druhu probl\u00e9m\u016f<\/li>\n\n\n\n<li>psychiatrick\u00e1 p\u00e9\u010de \u2013&nbsp; zapln\u011bn\u00e1<\/li>\n\n\n\n<li>klinick\u00e1 psychologick\u00e1 p\u00e9\u010de \u2013 zapln\u011bn\u00e1<\/li>\n\n\n\n<li>fyzioterapie- dostupn\u00e1, do m\u011bs\u00edce<\/li>\n\n\n\n<li>zdravotn\u00ed skupinov\u00e9 cvi\u010den\u00ed- u\u017e b\u011b\u017e\u00ed, dal\u0161\u00ed z\u00e1jemce evidujeme<\/li>\n\n\n\n<li>rodinn\u00e1, p\u00e1rov\u00e1 p\u00e9\u010de \u2013 dostupn\u00e1<\/li>\n\n\n\n<li>sexuologick\u00e1 p\u00e9\u010de \u2013 omezen\u011b dostupn\u00e1<\/li>\n\n\n\n<li>skupinov\u00e1 terapie \u2013 napln\u011bn\u00e1<\/li>\n\n\n\n<li>homeopatick\u00e1 konzultace \u2013 dostupn\u00e1<\/li>\n\n\n\n<li>akupunktura pouze pro pohybov\u00fd apar\u00e1t, nebo jako dopln\u011bk homeopatick\u00e9 l\u00e9\u010dby <\/li>\n\n\n\n<li>shiatsu mas\u00e1\u017e \u2013 dostupn\u00e1 <\/li>\n<\/ol>\n\n\n\n<p class=\"wp-block-paragraph\">P\u0159echodn\u00e1 nedostupnost plat\u00ed pro nov\u00e9 pacienty. Pln\u011b se v\u011bnujeme pacient\u016fm, kte\u0159\u00ed jsou v l\u00e9\u010db\u011b. Do l\u00e9\u010dby m\u016f\u017eeme vz\u00edt nov\u00e9 pacienty s ohledem na kapacitu pracovi\u0161t\u011b a\u017e po ukon\u010den\u00ed l\u00e9\u010dby jin\u00e9ho pacienta.<\/p>\n<\/div><figure class=\"wp-block-media-text__media\"><img loading=\"lazy\" decoding=\"async\" width=\"1024\" height=\"1024\" src=\"https:\/\/www.sktlib.cz\/wp-content\/uploads\/2013\/08\/PB050006-1024x1024.jpg\" alt=\"\" class=\"wp-image-41 size-full\" srcset=\"https:\/\/www.sktlib.cz\/wp-content\/uploads\/2013\/08\/PB050006-1024x1024.jpg 1024w, https:\/\/www.sktlib.cz\/wp-content\/uploads\/2013\/08\/PB050006-150x150.jpg 150w, https:\/\/www.sktlib.cz\/wp-content\/uploads\/2013\/08\/PB050006-300x300.jpg 300w, https:\/\/www.sktlib.cz\/wp-content\/uploads\/2013\/08\/PB050006.jpg 1510w\" sizes=\"auto, (max-width: 1024px) 100vw, 1024px\" \/><\/figure><\/div>\n\n\n\n<h2 class=\"wp-block-heading has-black-color has-text-color has-background has-link-color wp-elements-9129d58153f2ad0ba3bbda0a4ea17806\" id=\"ordinacni-doba\" style=\"border-radius:16px;background:linear-gradient(135deg,rgb(255,245,203) 0%,rgb(218,239,247) 3%,rgb(182,227,212) 43%,rgb(51,167,181) 100%);line-height:0.4\">Ordina\u010dn\u00ed doba: <\/h2>\n\n\n\n<figure class=\"wp-block-table\"><table><tbody><tr><td>pond\u011bl\u00ed &#8211; \u010dtvrtek<\/td><td>8:00 &#8211; 12:00<\/td><td>13:00 &#8211; 17:00<\/td><\/tr><tr><td>p\u00e1tek<\/td><td>8:00 &#8211; 12:00<\/td><td> 8:00 &#8211; 15:00<\/td><\/tr><\/tbody><\/table><\/figure>\n\n\n\n<h2 class=\"wp-block-heading has-black-color has-text-color has-background has-link-color wp-elements-0da20459f347c55f0ab3460cf1fcb247\" id=\"provozni-doba-recepce\" style=\"border-radius:16px;background:linear-gradient(135deg,rgb(2,3,129) 0%,rgb(247,249,249) 0%,rgb(40,116,252) 100%);line-height:0.6\">Provozn\u00ed doba recepce: <\/h2>\n\n\n\n<p class=\"wp-block-paragraph\"><\/p>\n\n\n\n<figure class=\"wp-block-table\"><table><tbody><tr><td>pond\u011bl\u00ed- \u010dtvrtek<\/td><td>7:45 &#8211; 12:00<\/td><td>13:00 &#8211; 15:00<\/td><\/tr><tr><td>p\u00e1tek<\/td><td>7:45 &#8211; 12:00<\/td><td>&#8211;<\/td><\/tr><\/tbody><\/table><figcaption class=\"wp-element-caption\">Po uzav\u0159en\u00ed je mo\u017en\u00e9 napsat SMS, nechat vzkaz, napsat email, viz v\u00fd\u0161e<\/figcaption><\/figure>\n\n\n\n<h2 class=\"wp-block-heading has-black-color has-very-light-gray-to-cyan-bluish-gray-gradient-background has-text-color has-background\" id=\"instituty\" style=\"border-radius:16px;line-height:0.6\">Instituty <\/h2>\n\n\n\n<div class=\"wp-block-media-text alignwide is-stacked-on-mobile\" style=\"grid-template-columns:24% auto\"><figure class=\"wp-block-media-text__media\"><img loading=\"lazy\" decoding=\"async\" width=\"1024\" height=\"768\" src=\"https:\/\/www.sktlib.cz\/wp-content\/uploads\/2020\/12\/IMG_5329-1024x768.jpg\" alt=\"\" class=\"wp-image-1209 size-full\"\/><\/figure><div class=\"wp-block-media-text__content\">\n<h4 class=\"wp-block-heading\" id=\"instituty-ktere-sidli-v-budove-naseho-pracoviste\">Instituty, kter\u00e9 s\u00eddl\u00ed v budov\u011b na\u0161eho pracovi\u0161t\u011b:<\/h4>\n\n\n\n<ul class=\"wp-block-list\">\n<li><a href=\"http:\/\/www.lirtaps.cz\/\">INSTITUT RODINN\u00c9 TERAPIE A PSYCHOSOMATICK\u00c9 MEDIC\u00cdNY,o.p.s. v LIBERCI<\/a>&nbsp;(Chv\u00e1la+ Trapkov\u00e1)<\/li>\n\n\n\n<li><a href=\"http:\/\/lippp.cz\/\">LIBERECK\u00dd INSTITUT PRO PSYCHOTERAPII A PSYCHOSOMATIKU, o.p.s.<\/a>&nbsp;(Knop)<\/li>\n\n\n\n<li>INSTITUT ROZVOJE DOVEDNOST\u00cd V POM\u00c1HAJ\u00cdC\u00cdCH PROFES\u00cdCH, s.r.o. (Knop)<\/li>\n<\/ul>\n<\/div><\/div>\n\n\n\n<p class=\"wp-block-paragraph\"><\/p>\n\n\n\n<p class=\"wp-block-paragraph\"><\/p>\n","protected":false},"excerpt":{"rendered":"<p>Nest\u00e1tn\u00ed zdravotnick\u00e9 pracovi\u0161t\u011b, kter\u00e9 se v\u011bnuje ambulantn\u00ed l\u00e9\u010db\u011b psychosomatick\u00fdch poruch, akreditovan\u00e9 pro v\u00fduku psychosomatick\u00e9 medic\u00edny. Pracovn\u00ed doba pond\u011bl\u00ed- p\u00e1tek od 8- 16 hodin. Smluvn\u00ed partner v\u0161ech na\u0161ich zdravotn\u00edch poji\u0161\u0165oven. Pacienty objedn\u00e1v\u00e1me po osobn\u00edm kontaktu na domluven\u00fd \u010das. V\u00edce informac\u00ed najdete<\/p>\n","protected":false},"author":1,"featured_media":0,"parent":0,"menu_order":0,"comment_status":"closed","ping_status":"closed","template":"","meta":{"_crdt_document":"","footnotes":""},"class_list":["post-4","page","type-page","status-publish","hentry"],"jetpack_sharing_enabled":true,"_links":{"self":[{"href":"https:\/\/www.sktlib.cz\/index.php?rest_route=\/wp\/v2\/pages\/4","targetHints":{"allow":["GET"]}}],"collection":[{"href":"https:\/\/www.sktlib.cz\/index.php?rest_route=\/wp\/v2\/pages"}],"about":[{"href":"https:\/\/www.sktlib.cz\/index.php?rest_route=\/wp\/v2\/types\/page"}],"author":[{"embeddable":true,"href":"https:\/\/www.sktlib.cz\/index.php?rest_route=\/wp\/v2\/users\/1"}],"replies":[{"embeddable":true,"href":"https:\/\/www.sktlib.cz\/index.php?rest_route=%2Fwp%2Fv2%2Fcomments&post=4"}],"version-history":[{"count":213,"href":"https:\/\/www.sktlib.cz\/index.php?rest_route=\/wp\/v2\/pages\/4\/revisions"}],"predecessor-version":[{"id":2033,"href":"https:\/\/www.sktlib.cz\/index.php?rest_route=\/wp\/v2\/pages\/4\/revisions\/2033"}],"wp:attachment":[{"href":"https:\/\/www.sktlib.cz\/index.php?rest_route=%2Fwp%2Fv2%2Fmedia&parent=4"}],"curies":[{"name":"wp","href":"https:\/\/api.w.org\/{rel}","templated":true}]}}