{"id":82,"date":"2013-08-21T14:07:57","date_gmt":"2013-08-21T12:07:57","guid":{"rendered":"http:\/\/www.sktlib.cz\/?page_id=82"},"modified":"2025-08-23T13:37:01","modified_gmt":"2025-08-23T11:37:01","slug":"mudr-vladislav-chvala","status":"publish","type":"page","link":"https:\/\/www.sktlib.cz\/?page_id=82","title":{"rendered":"MUDr.Vladislav Chv\u00e1la"},"content":{"rendered":"<h2><em>sexuolog a\u00a0rodinn\u00fd terapeut<\/em><\/h2>\n<p><em>L\u00e9ka\u0159 roku 2010,<\/em> <em>sexuolog a specialista na psychosomatiku, vedouc\u00ed l\u00e9ka\u0159, lektor a supervizor rodinn\u00e9 terapie, vzd\u011bl\u00e1n\u00ed v akupunktu\u0159e a v psychoterapii\u00a0<\/em><\/p>\n<p><span style=\"text-decoration: underline;\"><b>Vzd\u011bl\u00e1n\u00ed:<\/b><\/span> LF UK, atestace z gynekologie, sexuologie, psychosomatick\u00e9 medic\u00edny, vzd\u011bl\u00e1n\u00ed v rodinn\u00e9 a systemick\u00e9 terapii, funk\u010dn\u00ed specializace systemick\u00e9 psychoterapie IPVZ, Ericksonovsk\u00e1 hypnoterapie, pr\u00e1ce s t\u011blem dle dr. Schmidta, v\u00fdcvik v supervizi u Julie Hewson, atestace z psychosomatick\u00e9 medic\u00edny.<\/p>\n<figure id=\"attachment_984\" aria-describedby=\"caption-attachment-984\" style=\"width: 219px\" class=\"wp-caption alignright\"><img loading=\"lazy\" decoding=\"async\" class=\" wp-image-984\" src=\"https:\/\/www.sktlib.cz\/wp-content\/uploads\/2019\/01\/chvala-ctverec-300x300.png\" alt=\"\" width=\"219\" height=\"219\" srcset=\"https:\/\/www.sktlib.cz\/wp-content\/uploads\/2019\/01\/chvala-ctverec-300x300.png 300w, https:\/\/www.sktlib.cz\/wp-content\/uploads\/2019\/01\/chvala-ctverec-150x150.png 150w, https:\/\/www.sktlib.cz\/wp-content\/uploads\/2019\/01\/chvala-ctverec-768x768.png 768w, https:\/\/www.sktlib.cz\/wp-content\/uploads\/2019\/01\/chvala-ctverec.png 800w\" sizes=\"auto, (max-width: 219px) 100vw, 219px\" \/><figcaption id=\"caption-attachment-984\" class=\"wp-caption-text\">MUDr.Vladislav Chv\u00e1la<\/figcaption><\/figure>\n<p><strong><span style=\"text-decoration: underline;\">\u010clenstv\u00ed<\/span>:<\/strong> Spole\u010dnost rodinn\u00fdch terapeut\u016f (SOFT), \u010cesk\u00e1 organizace supervizor\u016f (\u010cIS). Spole\u010dnost psychosomatick\u00e9 medic\u00edny \u010cLS, \u010destn\u00fd \u010dlen, P\u0159edseda revizn\u00ed a kontroln\u00ed komise SPM \u010cLS, Psychiatrick\u00e1 spole\u010dnost \u010cLS J.E.P., \u010cesk\u00e1 psychoterapeutick\u00e1 spole\u010dnost (\u010cPtS), Sexuologick\u00e1 spole\u010dnost, Akupunkturistick\u00e1 spole\u010dnost \u010cLS J.E.P., p\u0159edseda akredita\u010dn\u00ed komise MZd pro psychosomatickou medic\u00ednu. \u0158editel Institutu rodinn\u00e9 terapie a psychosomatick\u00e9 medic\u00edny v Liberci (LIRTAPS)\u00a0<\/p>\n<p><b><span style=\"text-decoration: underline;\">Praxe a ocen\u011bn\u00ed<\/span>: <\/b>Od r.1978 ve zdravotnictv\u00ed, od r.1989 vedouc\u00ed psychoterapeutick\u00e9ho\u00a0pracovi\u0161t\u011b a \u010dlen jeho t\u00fdmu. V r. 2009 obdr\u017eel cenu profesora Vladim\u00edra\u00a0Vondr\u00e1\u010dka za pr\u00e1ci <a href=\"http:\/\/www.psychosom.cz\/?page_id=311\">Dvacetilet\u00e1\u00a0zku\u0161enost s l\u00e9\u010dbou pacient\u016f s psychosomatickou poruchou ve St\u0159edisku\u00a0komplexn\u00ed terapie v Liberci<\/a>, autor a spoluautor \u0159ady publikac\u00ed,\u00a0p\u0159ehled viz <a href=\"https:\/\/www.lirtaps.cz\/odborne-publikace\/\">zde.<\/a> V r.2010 vyznamen\u00e1n jako l\u00e9ka\u0159 roku pacientskou organizac\u00ed. Zalo\u017eil a vede \u010dasopis Psychosom, zakl\u00e1dal \u010dasopis rodinn\u00fdch terapeut\u016f Softf\u00f3rum, anga\u017euje se v roz\u0161i\u0159ov\u00e1n\u00ed rodinn\u00e9 terapie a psychosomatick\u00e9 medic\u00edny. V r. 2025 byli spolu s PhDr. Trapkovou ocen\u011bni psychoterapeutickou asociac\u00ed \u010cAP cenou Klenot \u010desk\u00e9 psychoterapie a v t\u00e9m\u017ee roce spolu z\u00edskali ocen\u011bn\u00ed hejtmana Libereck\u00e9ho kraje Osobnosti roku 2024<\/p>\n\n\n<p class=\"wp-block-paragraph\">&nbsp;<\/p>\n","protected":false},"excerpt":{"rendered":"<p>sexuolog a\u00a0rodinn\u00fd terapeut L\u00e9ka\u0159 roku 2010, sexuolog a specialista na psychosomatiku, vedouc\u00ed l\u00e9ka\u0159, lektor a supervizor rodinn\u00e9 terapie, vzd\u011bl\u00e1n\u00ed v akupunktu\u0159e a v psychoterapii\u00a0 Vzd\u011bl\u00e1n\u00ed: LF UK, atestace z gynekologie, sexuologie, psychosomatick\u00e9 medic\u00edny, vzd\u011bl\u00e1n\u00ed v rodinn\u00e9 a systemick\u00e9 terapii, funk\u010dn\u00ed<\/p>\n","protected":false},"author":1,"featured_media":169,"parent":4,"menu_order":1,"comment_status":"closed","ping_status":"closed","template":"","meta":{"_crdt_document":"","footnotes":""},"class_list":["post-82","page","type-page","status-publish","has-post-thumbnail","hentry"],"jetpack_sharing_enabled":true,"_links":{"self":[{"href":"https:\/\/www.sktlib.cz\/index.php?rest_route=\/wp\/v2\/pages\/82","targetHints":{"allow":["GET"]}}],"collection":[{"href":"https:\/\/www.sktlib.cz\/index.php?rest_route=\/wp\/v2\/pages"}],"about":[{"href":"https:\/\/www.sktlib.cz\/index.php?rest_route=\/wp\/v2\/types\/page"}],"author":[{"embeddable":true,"href":"https:\/\/www.sktlib.cz\/index.php?rest_route=\/wp\/v2\/users\/1"}],"replies":[{"embeddable":true,"href":"https:\/\/www.sktlib.cz\/index.php?rest_route=%2Fwp%2Fv2%2Fcomments&post=82"}],"version-history":[{"count":21,"href":"https:\/\/www.sktlib.cz\/index.php?rest_route=\/wp\/v2\/pages\/82\/revisions"}],"predecessor-version":[{"id":1962,"href":"https:\/\/www.sktlib.cz\/index.php?rest_route=\/wp\/v2\/pages\/82\/revisions\/1962"}],"up":[{"embeddable":true,"href":"https:\/\/www.sktlib.cz\/index.php?rest_route=\/wp\/v2\/pages\/4"}],"wp:featuredmedia":[{"embeddable":true,"href":"https:\/\/www.sktlib.cz\/index.php?rest_route=\/wp\/v2\/media\/169"}],"wp:attachment":[{"href":"https:\/\/www.sktlib.cz\/index.php?rest_route=%2Fwp%2Fv2%2Fmedia&parent=82"}],"curies":[{"name":"wp","href":"https:\/\/api.w.org\/{rel}","templated":true}]}}